 of 1165997379?
3
What is the millions digit of 19294908?
9
What is the thousands digit of 1132649063?
9
What is the units digit of 177671903?
3
What is the millions digit of 78667880?
8
What is the hundred thousands digit of 225004290?
0
What is the units digit of 250161582?
2
What is the tens digit of 480243919?
1
What is the hundred thousands digit of 245919882?
9
What is the hundreds digit of 122329848?
8
What is the ten thousands digit of 1385146384?
4
What is the ten millions digit of 2591363083?
9
What is the hundreds digit of 17875213?
2
What is the millions digit of 28843422?
8
What is the hundred millions digit of 7419250983?
4
What is the ten millions digit of 734934343?
3
What is the tens digit of 3314244993?
9
What is the units digit of 73576565?
5
What is the ten thousands digit of 435296585?
9
What is the millions digit of 988266411?
8
What is the ten millions digit of 230477350?
3
What is the ten thousands digit of 797772641?
7
What is the thousands digit of 974490650?
0
What is the millions digit of 7268576?
7
What is the thousands digit of 1196154040?
4
What is the units digit of 57914189?
9
What is the billions digit of 1346889642?
1
What is the thousands digit of 45314973?
4
What is the tens digit of 334599693?
9
What is the tens digit of 464755366?
6
What is the units digit of 3042337519?
9
What is the millions digit of 367556928?
7
What is the hundred thousands digit of 37487207?
4
What is the hundred thousands digit of 34054156?
0
What is the hundred thousands digit of 49318005?
3
What is the millions digit of 1122141542?
2
What is the thousands digit of 1581014026?
4
What is the ten millions digit of 40414545?
4
What is the units digit of 7567562861?
1
What is the millions digit of 3303543952?
3
What is the thousands digit of 9924109?
4
What is the millions digit of 428624751?
8
What is the hundreds digit of 458555349?
3
What is the tens digit of 31399622?
2
What is the hundred thousands digit of 415717201?
7
What is the ten thousands digit of 35953735?
5
What is the millions digit of 213109419?
3
What is the ten thousands digit of 360674738?
7
What is the hundred thousands digit of 5241524374?
5
What is the ten millions digit of 467414521?
6
What is the millions digit of 924620877?
4
What is the thousands digit of 114742629?
2
What is the units digit of 2077649816?
6
What is the tens digit of 349489813?
1
What is the units digit of 472884834?
4
What is the tens digit of 3637405221?
2
What is the ten millions digit of 292715003?
9
What is the units digit of 75127515?
5
What is the hundred thousands digit of 650486150?
4
What is the ten thousands digit of 5935928251?
2
What is the tens digit of 429122991?
9
What is the billions digit of 1564537900?
1
What is the hundred millions digit of 151832387?
1
What is the hundreds digit of 235755181?
1
What is the hundred millions digit of 2412355268?
4
What is the hundred thousands digit of 877962248?
9
What is the hundred millions digit of 372784187?
3
What is the units digit of 602541990?
0
What is the millions digit of 242303752?
2
What is the hundred thousands digit of 31728033?
7
What is the thousands digit of 175818137?
8
What is the thousands digit of 330217151?
7
What is the ten millions digit of 5944988255?
4
What is the thousands digit of 79948306?
8
What is the hundred millions digit of 1186715343?
1
What is the millions digit of 779434445?
9
What is the units digit of 170577816?
6
What is the thousands digit of 1348137976?
7
What is the ten thousands digit of 182770755?
7
What is the hundred thousands digit of 1751189828?
1
What is the billions digit of 1931839819?
1
What is the hundreds digit of 3806398020?
0
What is the units digit of 838402597?
7
What is the ten thousands digit of 21211981?
1
What is the hundred millions digit of 207729454?
2
What is the hundreds digit of 3660972737?
7
What is the units digit of 48880209?
9
What is the hundreds digit of 4321414729?
7
What is the tens digit of 267803234?
3
What is the ten thousands digit of 1875425542?
2
What is the tens digit of 4655637142?
4
What is the units digit of 127177264?
4
What is the ten thousands digit of 5964817?
6
What is the hundred thousands digit of 1227407202?
4
What is the ten millions digit of 2361561749?
6
What is the ten thousands digit of 865678130?
7
What is the hundred millions digit of 138634704?
1
What is the ten millions digit of 345749112?
4
What is the millions digit of 2729704635?
9
What is the ten thousands digit of 12064259?
6
What is the ten thousands digit of 387534271?
3
What is the hundred thousands digit of 1443205772?
2
What is the billions digit of 1582288769?
1
What is the units digit of 253797997?
7
What is the ten thousands digit of 38590321?
9
What is the millions digit of 3587193369?
7
What is the units digit of 6817314168?
8
What is the thousands digit of 6088792?
8
What is the thousands digit of 61982517?
2
What is the tens digit of 55723059?
5
What is the hundreds digit of 1208407772?
7
What is the thousands digit of 289266544?
6
What is the hundred thousands digit of 17920000?
9
What is the ten thousands digit of 33021397?
2
What is the units digit of 42813394?
4
What is the tens digit of 482910154?
5
What is the hundred millions digit of 275228695?
2
What is the hundred millions digit of 870077481?
8
What is the hundreds digit of 32956905?
9
What is the hundreds digit of 32529217?
2
What is the millions digit of 391804816?
1
What is the tens digit of 421243914?
1
What is the ten thousands digit of 83515706?
1
What is the ten thousands digit of 2233987761?
8
What is the ten thousands digit of 750321598?
2
What is the ten thousands digit of 272361504?
6
What is the hundred millions digit of 1514271318?
5
What is the tens digit of 1444381084?
8
What is the ten millions digit of 39811081?
3
What is the millions digit of 185179207?
5
What is the hundred millions digit of 1029277876?
0
What is the thousands digit of 1855789?
5
What is the millions digit of 83522452?
3
What is the hundred thousands digit of 26313633?
3
What is the hundred thousands digit of 489423016?
4
What is the millions digit of 98731779?
8
What is the hundred thousands digit of 1833465168?
4
What is the millions digit of 3380553396?
0
What is the ten thousands digit of 6429421847?
2
What is the units digit of 86760195?
5
What is the tens digit of 62088324?
2
What is the hundreds digit of 64128491?
4
What is the hundred thousands digit of 70474425?
4
What is the hundred thousands digit of 47040450?
0
What is the ten millions digit of 12182685?
1
What is the thousands digit of 1312155323?
5
What is the hundreds digit of 6500662335?
3
What is the millions digit of 14995758?
4
What is the hundred millions digit of 652595964?
6
What is the hundreds digit of 532195885?
8
What is the hundred thousands digit of 7048036?
0
What is the thousands digit of 6278961?
8
What is the thousands digit of 178906737?
6
What is the hundreds digit of 10492530?
5
What is the hundred millions digit of 6084231798?
0
What is the hundred thousands digit of 647469957?
4
What is the ten thousands digit of 2080113731?
1
What is the hundred millions digit of 734556915?
7
What is the units digit of 2706416195?
5
What is the tens digit of 4722889?
8
What is the ten millions digit of 28106028?
2
What is the tens digit of 193764639?
3
What is the hundred thousands digit of 334561318?
5
What is the ten thousands digit of 91131402?
3
What is the ten millions digit of 26894040?
2
What is the thousands digit of 113483843?
3
What is the units digit of 39467726?
6
What is the thousands digit of 11273424?
3
What is the hundred thousands digit of 449434272?
4
What is the thousands digit of 18646272?
6
What is the tens digit of 56741013?
1
What is the ten thousands digit of 124485744?
8
What is the hundreds digit of 82688900?
9
What is the thousands digit of 69117152?
7
What is the ten thousands digit of 4489305587?
0
What is the thousands digit of 535301817?
1
What is the thousands digit of 46810465?
0
What is the hundred thousands digit of 3998688293?
6
What is the units digit of 62788963?
3
What is the hundreds digit of 156013573?
5
What is the ten thousands digit of 467915940?
1
What is the units digit of 47415333?
3
What is the hundred 